{"id":235,"date":"2025-10-16T18:44:21","date_gmt":"2025-10-16T16:44:21","guid":{"rendered":"https:\/\/cecilesaimond.com\/autrice\/?page_id=235"},"modified":"2025-10-16T18:44:21","modified_gmt":"2025-10-16T16:44:21","slug":"mentions-legales","status":"publish","type":"page","link":"https:\/\/cecilesaimond.com\/autrice\/mentions-legales\/","title":{"rendered":"Mentions L\u00e9gales"},"content":{"rendered":"<p>Conform\u00e9ment \u00e0 la loi n\u00b02004-575 du 21 juin 2004 pour la confiance dans l\u2019\u00e9conomie num\u00e9rique, article 6, III, b, nous vous informons que :<\/p>\n<h2><i>1.\u00a0\u00a0\u00a0\u00a0\u00a0\u00a0\u00a0\u00a0\u00a0\u00a0\u00a0\u00a0\u00a0\u00a0\u00a0<\/i><i>Editeur<\/i><\/h2>\n<p>La responsable de la publication et propri\u00e9taire est Madame C\u00e9cile Saimond,\u00a0N\u00b0Siret : 487 767 683 00021<\/p>\n<h2><i>2.\u00a0\u00a0\u00a0\u00a0\u00a0\u00a0\u00a0\u00a0\u00a0\u00a0\u00a0\u00a0\u00a0\u00a0\u00a0<\/i><i>H\u00e9bergeur<\/i><\/h2>\n<p>L\u2019h\u00e9bergeur du site est la soci\u00e9t\u00e9 OVH, soci\u00e9t\u00e9 par actions simplifi\u00e9e au capital de 10.069.020,00 \u20ac dont le si\u00e8ge social est situ\u00e9 2, rue Kellermann \u2013 59100 Roubaix.<\/p>\n<h2><i>3.\u00a0\u00a0\u00a0\u00a0\u00a0\u00a0\u00a0\u00a0\u00a0\u00a0\u00a0\u00a0\u00a0\u00a0\u00a0<\/i><i>Informatique et Libert\u00e9s<\/i><\/h2>\n<p>Les donn\u00e9es utilisateurs communiqu\u00e9es sur le site sont destin\u00e9es \u00e0 Madame C\u00e9cile Saimond pour les besoins de sa gestion administrative et commerciale. C\u00e9cile Saimond Autrice ne partage pas ces informations avec des tiers.<\/p>\n<p>Le \u00a0<a href=\"https:\/\/www.cnil.fr\/fr\/le-droit-dacces\" target=\"_blank\" rel=\"noopener\">droit d\u2019acc\u00e8s<\/a>\u00a0 et \u00a0<a href=\"https:\/\/www.cnil.fr\/fr\/le-droit-de-rectification\" target=\"_blank\" rel=\"noopener\">de rectification<\/a> ainsi que le droit d\u2019opposition pr\u00e9vus par la loi n\u00b0 78-17 du 6 janvier 1978 relative \u00e0 l\u2019informatique aux fichiers et aux libert\u00e9s modifi\u00e9e en 2004, s\u2019exercent \u00e0 tout moment gr\u00e2ce \u00e0 la possibilit\u00e9 offerte \u00e0 l\u2019utilisateur de modifier les donn\u00e9es \u00e0 caract\u00e8re personnel le concernant sur le formulaire d\u2019inscription \u00e0 la liste de diffusion et pour les donn\u00e9es auxquelles l\u2019utilisateur n\u2019aurait \u00e9ventuellement pas directement acc\u00e8s, sur simple demande \u00e9crite adress\u00e9e \u00e0 : hello @ cecilesaimond.com<\/p>\n<h3><\/h3>\n<header class=\"entry-header\">\n<h2 class=\"entry-title \">Politique de Confidentialit\u00e9 &amp; Param\u00e9trages des cookies<\/h2>\n<\/header>\n<div class=\"entry-content\">\n<h3>Cookies<\/h3>\n<p><strong>\u2028Qu\u2019entend-on par les termes \u00ab\u00a0cookies\u00a0\u00bb ou \u00a0\u00bb traceurs \u00ab\u00a0?<\/strong><br \/>\nLe terme de cookies est \u00e0 prendre au sens large et couvre l\u2019ensemble des traceurs d\u00e9pos\u00e9s et \/ ou lus, par exemple, lors de la consultation d\u2019un site internet, de la lecture d\u2019un courrier \u00e9lectronique, de l\u2019installation ou de l\u2019utilisation d\u2019un logiciel ou d\u2019une application et ce quel que soit le type de terminal utilis\u00e9 et concerne : ordinateurs, smartphones et tablettes num\u00e9riques.<br \/>\nPar commodit\u00e9, nous utilisons le terme de \u00ab\u00a0cookie\u00a0\u00bb qui recouvre l\u2019ensemble de ces technologies.<\/p>\n<h3>Quels sont les cookies utilis\u00e9s sur notre site et \u00e0 quelle fin ?<\/h3>\n<p><strong>Cookies de fonctionnement<\/strong><br \/>\n<strong>R\u00e9servations<\/strong><br \/>\nCes cookies sont n\u00e9cessaires au bon fonctionnement du service d\u2019achat. Ils permettent de :<\/p>\n<ul>\n<li>se souvenir du choix de la langue<\/li>\n<li>se souvenir de l\u2019identifiant de la session<\/li>\n<li>de g\u00e9rer le syst\u00e8me de paiement<\/li>\n<\/ul>\n<p><strong>Cookies de statistiques<\/strong><br \/>\nLes outils de mesures d\u2019audience sont d\u00e9ploy\u00e9s afin d\u2019obtenir des informations sur la navigation des visiteurs. Ils permettent notamment de comprendre comment les utilisateurs arrivent sur notre site et de reconstituer leur parcours. Ces outils utilisent des technologies permettant de tracer les utilisateurs sur le site et d\u2019associer un \u00ab referrer \u00bb ou une campagne \u00e0 un identifiant unique.<\/p>\n<p><strong>Comment accepter ou refuser les cookies ?<\/strong><br \/>\nLe refus d\u2019installation d\u2019un cookie peut entra\u00eener l\u2019impossibilit\u00e9 d\u2019acc\u00e9der \u00e0 certains services. L\u2019utilisateur peut toutefois configurer son ordinateur de la mani\u00e8re suivante, pour refuser l\u2019installation des cookies :<\/p>\n<ul>\n<li><a href=\"https:\/\/support.microsoft.com\/fr-fr\/help\/17442\/windows-internet-explorer-delete-manage-cookies\" target=\"_blank\" rel=\"noopener\">Sous Internet Explorer<\/a><\/li>\n<li><a href=\"https:\/\/support.mozilla.org\/fr\/kb\/activer-desactiver-cookies-preferences\" target=\"_blank\" rel=\"noopener\">Firefox<\/a><\/li>\n<li><a href=\"https:\/\/support.apple.com\/fr-fr\/HT201265\" target=\"_blank\" rel=\"noopener\">Sous Safari<\/a><\/li>\n<li><a href=\"https:\/\/support.google.com\/chrome\/answer\/95647?co=GENIE.Platform%3DDesktop&amp;hl=fr\" target=\"_blank\" rel=\"noopener\">Sous Chrome<\/a><\/li>\n<\/ul>\n<h3>Donn\u00e9es personnelles<\/h3>\n<p>Les donn\u00e9es personnelles recueillies dans le cadre des services propos\u00e9s sur\u00a0<strong>cecilesaimond.com <\/strong>sont trait\u00e9es selon des protocoles s\u00e9curis\u00e9s. Pour toute information ou exercice de vos droits Informatique et Libert\u00e9s sur les traitements de donn\u00e9es personnelles, vous pouvez me contacter : hello @ cecilesaimond.com<br \/>\nVotre adresse de messagerie est uniquement utilis\u00e9e dans le cadre de notre syst\u00e8me d\u2019achat et de messagerie dans le cadre des formulaires. En aucun cas votre adresse ne sera transmise \u00e0 un tiers.<br \/>\nPlus d\u2019infos sur les cookies et le r\u00e8glement g\u00e9n\u00e9ral sur la protection des donn\u00e9es (RGPD)\u00a0<a href=\"http:\/\/www.cnil.fr\/\" target=\"_blank\" rel=\"noopener\">www.cnil.fr<\/a><\/p>\n<\/div>\n","protected":false},"excerpt":{"rendered":"<p>Conform\u00e9ment \u00e0 la loi n\u00b02004-575 du 21 juin 2004 pour la confiance dans l\u2019\u00e9conomie num\u00e9rique, article 6, III, b, nous vous informons que : 1.\u00a0\u00a0\u00a0\u00a0\u00a0\u00a0\u00a0\u00a0\u00a0\u00a0\u00a0\u00a0\u00a0\u00a0\u00a0Editeur La responsable de la publication et propri\u00e9taire est Madame C\u00e9cile Saimond,\u00a0N\u00b0Siret : 487 767 683 00021 2.\u00a0\u00a0\u00a0\u00a0\u00a0\u00a0\u00a0\u00a0\u00a0\u00a0\u00a0\u00a0\u00a0\u00a0\u00a0H\u00e9bergeur L\u2019h\u00e9bergeur du site est la soci\u00e9t\u00e9 OVH, soci\u00e9t\u00e9 par actions simplifi\u00e9e au capital [&hellip;]<\/p>\n","protected":false},"author":1,"featured_media":0,"parent":0,"menu_order":0,"comment_status":"closed","ping_status":"closed","template":"","meta":{"ocean_post_layout":"","ocean_both_sidebars_style":"","ocean_both_sidebars_content_width":0,"ocean_both_sidebars_sidebars_width":0,"ocean_sidebar":"0","ocean_second_sidebar":"0","ocean_disable_margins":"enable","ocean_add_body_class":"","ocean_shortcode_before_top_bar":"","ocean_shortcode_after_top_bar":"","ocean_shortcode_before_header":"","ocean_shortcode_after_header":"","ocean_has_shortcode":"","ocean_shortcode_after_title":"","ocean_shortcode_before_footer_widgets":"","ocean_shortcode_after_footer_widgets":"","ocean_shortcode_before_footer_bottom":"","ocean_shortcode_after_footer_bottom":"","ocean_display_top_bar":"default","ocean_display_header":"default","ocean_header_style":"","ocean_center_header_left_menu":"0","ocean_custom_header_template":"0","ocean_custom_logo":0,"ocean_custom_retina_logo":0,"ocean_custom_logo_max_width":0,"ocean_custom_logo_tablet_max_width":0,"ocean_custom_logo_mobile_max_width":0,"ocean_custom_logo_max_height":0,"ocean_custom_logo_tablet_max_height":0,"ocean_custom_logo_mobile_max_height":0,"ocean_header_custom_menu":"0","ocean_menu_typo_font_family":"0","ocean_menu_typo_font_subset":"","ocean_menu_typo_font_size":0,"ocean_menu_typo_font_size_tablet":0,"ocean_menu_typo_font_size_mobile":0,"ocean_menu_typo_font_size_unit":"px","ocean_menu_typo_font_weight":"","ocean_menu_typo_font_weight_tablet":"","ocean_menu_typo_font_weight_mobile":"","ocean_menu_typo_transform":"","ocean_menu_typo_transform_tablet":"","ocean_menu_typo_transform_mobile":"","ocean_menu_typo_line_height":0,"ocean_menu_typo_line_height_tablet":0,"ocean_menu_typo_line_height_mobile":0,"ocean_menu_typo_line_height_unit":"","ocean_menu_typo_spacing":0,"ocean_menu_typo_spacing_tablet":0,"ocean_menu_typo_spacing_mobile":0,"ocean_menu_typo_spacing_unit":"","ocean_menu_link_color":"","ocean_menu_link_color_hover":"","ocean_menu_link_color_active":"","ocean_menu_link_background":"","ocean_menu_link_hover_background":"","ocean_menu_link_active_background":"","ocean_menu_social_links_bg":"","ocean_menu_social_hover_links_bg":"","ocean_menu_social_links_color":"","ocean_menu_social_hover_links_color":"","ocean_disable_title":"default","ocean_disable_heading":"default","ocean_post_title":"","ocean_post_subheading":"","ocean_post_title_style":"","ocean_post_title_background_color":"","ocean_post_title_background":0,"ocean_post_title_bg_image_position":"","ocean_post_title_bg_image_attachment":"","ocean_post_title_bg_image_repeat":"","ocean_post_title_bg_image_size":"","ocean_post_title_height":0,"ocean_post_title_bg_overlay":0.5,"ocean_post_title_bg_overlay_color":"","ocean_disable_breadcrumbs":"default","ocean_breadcrumbs_color":"","ocean_breadcrumbs_separator_color":"","ocean_breadcrumbs_links_color":"","ocean_breadcrumbs_links_hover_color":"","ocean_display_footer_widgets":"default","ocean_display_footer_bottom":"default","ocean_custom_footer_template":"0","footnotes":""},"class_list":["post-235","page","type-page","status-publish","hentry","entry","owp-thumbs-layout-horizontal","owp-btn-normal","owp-tabs-layout-horizontal","has-no-thumbnails"],"_links":{"self":[{"href":"https:\/\/cecilesaimond.com\/autrice\/wp-json\/wp\/v2\/pages\/235","targetHints":{"allow":["GET"]}}],"collection":[{"href":"https:\/\/cecilesaimond.com\/autrice\/wp-json\/wp\/v2\/pages"}],"about":[{"href":"https:\/\/cecilesaimond.com\/autrice\/wp-json\/wp\/v2\/types\/page"}],"author":[{"embeddable":true,"href":"https:\/\/cecilesaimond.com\/autrice\/wp-json\/wp\/v2\/users\/1"}],"replies":[{"embeddable":true,"href":"https:\/\/cecilesaimond.com\/autrice\/wp-json\/wp\/v2\/comments?post=235"}],"version-history":[{"count":2,"href":"https:\/\/cecilesaimond.com\/autrice\/wp-json\/wp\/v2\/pages\/235\/revisions"}],"predecessor-version":[{"id":237,"href":"https:\/\/cecilesaimond.com\/autrice\/wp-json\/wp\/v2\/pages\/235\/revisions\/237"}],"wp:attachment":[{"href":"https:\/\/cecilesaimond.com\/autrice\/wp-json\/wp\/v2\/media?parent=235"}],"curies":[{"name":"wp","href":"https:\/\/api.w.org\/{rel}","templated":true}]}}